3
-11 - (-27 + -43 + 43) - -32
48
12 - ((88 - 101) + (59 + -1 - -1))
-34
What is the value of 48 + (38 - (10 + 6)) - 26?
44
What is 32 + -7 + 47 + -61?
11
2 - -38 - (2315 + -2289)
14
What is 4 + -1 - 5 - (19 + 33 + -45)?
-9
What is (-26 - (19 - 48)) + -23?
-20
What is (40 - 4) + -8 + 189 + -157?
60
Evaluate -90 - (14 - -54 - 125).
-33
What is -3 - 10 - ((11 - 1) + 0 - 44)?
21
-69 + (8 - -39) + (-12 - 0) + 1
-33
What is -6 - ((-4 - (13 - 13 - -3)) + 89 + 0)?
-88
Calculate -33 - 22 - (-63 + 40).
-32
Calculate -52 - (-116 + 109 + 46).
-91
Calculate 1 + 45 + (714 - 736) + -39.
-15
Evaluate (-19 - (23 + -17 + -21)) + -58 + 0.
-62
Evaluate -63 + 30 + -101 + -8.
-142
What is the value of 8 - (60 - (48 - 7) - (12 - (-4 - -4)))?
1
What is -11 + (34 + -15 - (-7 - -21) - -63 - 13)?
44
Evaluate -13 + (17 - 42) - (-3 + 20).
-55
What is the value of 4 + -3 + (-40 - -53) + -17?
-3
-30 + (-213 - -116 - -127)
0
-7 + 0 + 26 + 27 + -53 + 21 - -6
20
What is 54 - (77 + -7 - 34)?
18
What is 2 + (7 - -3) + (-48 - (-48 + 12)) + 64?
64
(-4 + 59 - 74) + (0 + 1 - 0)
-18
What is the value of (3 - (-8 + 15)) + 87 + (0 - 0 - 2)?
81
What is (23 - (16 - 1)) + -23 - 14?
-29
Calculate (7682 - 7715) + (1 - (-2 + -67)).
37
Evaluate -42 - (63 - (259 - 47)).
107
What is the value of -2 - -46 - (37 - -7)?
0
Evaluate 10 + 3 + -111 + 32 + 24.
-42
What is -60 + -25 + 55 + -15?
-45
Calculate (-9 - (16 + 33)) + 20 - 26.
-64
Evaluate ((-2 - -2) + -5 - 5) + (-11 - (-73 + -19)).
71
What is the value of -50 - (21 + -14 + -44)?
-13
(57 - 28 - 23) + -37 + 0 + (-1 - 2)
-34
Calculate (12 - (98 - 56)) + 14 + -3 + 1.
-18
What is the value of -1 - (0 + 3 + (-107 - -109) - 10)?
4
What is 1 + 204 + 21012 + -21079?
138
What is the value of -27 - (40 - (32 - -26))?
-9
What is the value of -10 - (88 + (10 - 37) - (-1 + 4) - 10)?
-58
What is -68 - -2 - (-5 + 49 + -47)?
-63
Calculate 5 - ((56 - -8) + -14).
-45
45 - (166 + (-25 - 42))
-54
What is the value of 1382 + -1326 + -93 + -4?
-41
Evaluate 23 - 37 - 3 - (22 - (-4 + -1)).
-44
What is 19 + 1 + -1 + (-112 + -394 - -509)?
22
-29 + 5 + -60 + 123
39
What is the value of -4 - (0 - -29) - -36?
3
Evaluate -60 - ((-9 - -60) + -147).
36
-105 + (238 - -54) + -108
79
Calculate -34 + -13 + (10 + -12 - -5) - (-2 + 4).
-46
Evaluate 2 + -25 - (4 - (13 - (-9 + 15))).
-20
Calculate 16 + 2 + 18 + -22 + 23.
37
What is -66 + (-85 - -38) + -1?
-114
85 + 8 + -166 - -35
-38
Evaluate (4 + -1 - (12 + 4)) + -2 + 23 - 25.
-17
Evaluate (-152 - -60) + 138 + -110.
-64
-8 + (3 - 3) - (-13 + 25 - 0)
-20
(47 - 1 - 35) + -36
-25
What is the value of 93 - (-14 + 164 - 75)?
18
Calculate 17 + (-6 - -1) - ((16 - 7) + 35).
-32
Evaluate (-10 - (7 + -4)) + (-387 - -445).
45
21 + -13 + 12 + 8 + -16 + 6
18
-8 + ((18 - -6) + -33 - 21)
-38
What is the value of (89 - 128 - (0 + -19)) + -14?
-34
What is the value of -3 - -13 - (2 - 22 - (-172 + 136))?
-6
Calculate 26 - (-20 + 50) - (-25 + -1 - -4 - -7).
11
Calculate -1 - (0 - 4) - (-57 - -37).
23
What is -7 + -6 + 24 + 7 + 1 - -14?
33
Evaluate 1 - -1 - (-87 - (11 + (-15 + 12 - 27))).
70
What is (7 + 7 - -3) + 3 + -6 + -4 + -19?
-9
Evaluate -122 + 90 + -102 + (18 - 0) - -21.
-95
What is the value of -33 + 3 + 8 + -22 + (1 - 15)?
-58
What is the value of -6 - -13 - (0 + -3 + (3 - 3))?
10
What is -3 - (0 + 16 - (-25 + 21 + 4 + 7))?
-12
What is the value of (-21 - (-6 - -1)) + -3 - (-40 - -12 - -25)?
-16
What is the value of 2 + -5 + -15 + (-2 + 17 - -14)?
11
What is (-118 - 0 - 0) + (64 - 1 - (-3698 - -3750))?
-107
What is 57 - (-31 + 78) - (8 - (-114 + -5))?
-117
What is 37 - (25 + 2 + (5 - 18))?
23
Calculate -1 - (41 + -3) - -38.
-1
What is the value of 68 - (-25 + (-19 - -63))?
49
Evaluate (104 - 46) + (13 + (-6 - -2) - -1).
68
What is -442 + 431 + (5 + -1 - -19) + 100 + -1?
111
What is (8 - (1 + 21 - (126 - 125))) + -2?
-15
(-2 - (2 - 5)) + 47 - (18 - -48 - 73)
55
What is the value of (13 - 3) + -31 + -14 + 32 + -2?
-5
Evaluate 8 + (25 - 27) + (-17 - -5) + 3.
-3
What is the value of -99 + 25 - (-6 + -46)?
-22
What is the value of 1 - (-25 + (4 - -1) - (296 - 215))?
102
What is (18 - -5) + -4 - (-187 + 165)?
41
What is the value of -3 - ((-33 - -45) + (6 - (-4 + 0)) - -5)?
-30
What is the value of -1077 - -1018 - (-123 + 0)?
64
Calculate 5 - (18 + 14) - (3 - (1 + -4)).
-33
What is the value of 5 + (-14 + 0 + 7 - 6) + 11 + -50?
-47
Evaluate -5 + -5 + -30 + 1 - (-22 - (-1 + -33)).
-51
What is -12 + 0 - ((120 - 147) + -24)?
39
What is 33 + 10 + 1 - (12 + -17 - -11)?
38
Calculate 157 + (85 - 332) - (-17 + 1).
-74
(-36 - -12) + 31 + (2 + -2 - (1 - 7))
13
What is (-3 - -23) + 0 + -11 + 5 + (-6 - -10)?
18
-16 - ((-10 - 4 - (-2 + -4)) + 25 + -18)
-15
Calculate (10 - 10) + -10 + (15 - 8) + -22.
-25
What is (19 + -3 - -16) + -20 - (2 + 3 - 16)?
23
Evaluate (2 - (-2 + 1)) + (-46 - ((21 - -3) + -45)).
-22
What is (-20 - -24) + (-7 - 6) + 4 + 51 + -2?
44
What is the value of 252 - 243 - (19 - -3 - (2 - (-2 + 2)))?
-11
What is -51 + 54 + -1 + -49 - (7 - (4 - 9))?
-59
Evaluate 0 + 19 + (-1 + 0 - (2676 + -2611)).
-47
Evaluate (-2 - 2) + -2 - (9 + -20 + -1).
6
What is the value of (12 - 93) + -6 + -8 + 11 + 9 - 3?
-78
What is the value of (-54 - -2) + (96 - 53) + -64?
-73
(-11 + 2 - (18 + -22 - 6)) + -29 - -6
-22
Evaluate -1 + (8 - -2) + (-193 - (166 - 293)).
-57
11 - (69 - (0 - 7 - 23))
-88
-48 - (69 + (56 - 135))
-38
(0 - -27) + (-7 - (-2 - -6)) + 6
22
Evaluate 35 + -45 + (5 - -47) + -44.
-2
-5 - (-31 + -23 + 74 + -76)
51
Evaluate 45 - ((4 - 39) + -3 + -2).
85
What is -17 - (-7 - -19) - (-1 - (-6 - (2 - 1)))?
-35
(7 - 18) + 4 + (0 - 40) + 39 + -32
-40
What is -576 - -570 - ((32 - 4) + -2)?
-32
Calculate -97 - (9 + (-22 - (4 + -21)) - (1 - -11)).
-89
What is the value of -8 + 15 + -18 + 21 - (-3 + 3 + -33)?
43
What is -91 - -112 - (5 - (36 - -5))?
57
Calculate 2 - (81 - 15 - 53 - (3 - 18 - 4)).
-30
Evaluate -82 + 52 - (12 + -78).
36
(17 - (8 + 12 - -5)) + 3
-5
Evaluate (6 - (0 + 0) - (310 + -231)) + -12 + 12.
-73
(2 - -6) + 3 + (-7 - -9) + (36 - -60)
109
Calculate (100 - 191) + 181 + (-22 - 2).
66
What is -128 + 4 + 2427 + -2410?
-107
Evaluate -108 + (74 - 48) + 63.
-19
Evaluate 6 + -13 + -8 + (7 - -12) + (-1 - -4).
7
What is the value of 17 - (-44 + 90) - -55?
26
Calculate 4 + 0 - (-84 - (-12 + 35 - 52)).
59
Evaluate (1180 - 1177 - (1 + 1 + -1)) + (2 - 36).
-32
What is the value of 15 - 52 - (-15 - -11)?
-33
-21 + 23 + -6 - (1 + 8 - 4)
-9
Evaluate 53 + -8 + (3 - (7 + 2)) + 3 + -6.
36
What is -29 - (-30 - 46) - 11?
36
What is -95 + (-154 + 40 - -244)?
35
What is (444 - 435) + -48 + -1?
-40
6 + 106 + -158 - -96
50
26 - (-50 - -86) - (19 - (2 - 0))
-27
Evaluate (-71 - -38) + 27 - (5 + (0 - (1 - -38))).
28
5 + (31 - (-19 - -34) - -24)
45
-3 + (157 - 166 - (0 - (-6 - -9)))
-9
What is the value of 2 + 10 + 1 + -51 + 74?
36
-8 + -7 + -13 + -259 + 258
-29
What is the value of -4 + (4 - (-17 + 12)) + (-9 - -2) + 30?
28
What is the value of -49 + 33 - (-3 - (3 - -3)) - -5 - -3?
1
What is (-2 - 66 - (48 - 53)) + (6 - 2 - -2)?
-57
22 - (-5 - (-24 - ((28 - 22) + 12)))
-15
Evaluate (-129 - -9) + (172 - 110).
-58
Calculate (60 - (9 + 25)) + 9 + -100.
-65
-12 + (14 - (-21 + 45 + -130 - (14 + -1)))
121
Evaluate 14 + (-73 + (-14 - -22) - 1).
-52
Calculate 22 + 9 + -171 - (-25 - -7).
-122
(1609 - 1564) + (-1 - 34)
10
What is -26 + (-25 - -108) + -50?
7
Calculate (-18 - -27 - 20) + -1.
-12
What is the value of -1 - 5 - (178 + -183)?
-1
What is the value of -15 + 12 + (1 + 2 - (-14 - -27))?
-13
Evaluate -1 - -93 - (9 + -38 + 67 + -37).
91
22 + (6 + -19 - 58) + -5
-54
Calculate -12 - (1 - 39 - -6).
20
What is the value of (93 - 67) + 4 - (-2 + 4 + 11)?
17
Calculate -12 + (80 - 71 - (0 + -34)) + 14.
45
Evaluate -9 + (-1 + -11 + 24 + -22 - -34).
15
Calculate -105 + 52 - (-20 - 42).
9
What is (-2 - (-90 + -2) - 3) + -10382 + 10369?
74
What is the value of 42 + -33 - (-6 + -4 - 0)?
19
Calculate 0 + 0 + (10 + -30 - -27 - 7).
0
Evaluate (12 - -4 - -9) + -2 - (4 + -9 - -2).
26
-1 + -10 + (51 - 16 - (-2 + 6))
20
(1 - -12 - (-111 + 118)) + (-11 + 2 - -19)
16
What is the value of -35 + 14 + 10 + -1 + -13 + -8?
-33
What is -33 - ((15 - -10) + -27 - -13)?
-44
Evaluate 73 + -80 + 68 - 66.
-5
Calculate -7 - (1 + 5 - (-28 + (10 - -7) - -51)).
27
(-15 - -2) + (1 - (-7 + (-8 - -17))) - -7
-7
Ev